(n).
-21
Let i(t) = -7*t**3 + t**2 - 2*t + 7. Let b(o) be the first derivative of -o**4/4 - o**2/2 + o + 2. Let q(j) = -6*b(j) + i(j). Calculate q(3).
-5
Let u(a) = a**3 - 9*a**2 + 9*a - 5. Let j be u(8). Let l(h) = 11*h - 7. Let w(d) = 7*d - 6. Let b(x) = -2*l(x) + 3*w(x). What is b(j)?
-7
Let a(m) = -m - 13. Let x be (5/5)/((-3)/(-42)) + -5. Give a(x).
-22
Suppose v = -1, 2*v - 4 = 4*f - 18. Let t(j) be the first derivative of -j**2 - 3 + 3*j**2 + 3*j**2 - f*j**2. What is t(-2)?
-8
Let q(g) = g - 1. Let w(n) = 7*n - 9. Suppose -4*h + 19 + 5 = 0. Let y(c) = h*q(c) - w(c). Determine y(3).
0
Let u(r) = 5*r**3 - 4*r**2 - 2*r + 2. Let j(z) = z. Let l(o) = -o**3 - 7*o - 1. Let q(v) = -6*j(v) - l(v). Let x(h) = 4*q(h) - u(h). Give x(5).
7
Let a(m) = 169*m - 7 + 5*m**2 + 12*m**3 - 11*m**3 - 177*m. Let s = 183 + -189. Determine a(s).
5
Let h(z) = -4*z - 5 - 5*z + 7*z + 9*z + 12. Give h(-3).
-14
Let o(r) be the third derivative of -r**4/8 + r**3/3 - 114*r**2. Give o(6).
-16
Let v(q) = -5*q + 86. Let h(d) = -d + 15. Let u(b) = -6*h(b) + v(b). What is u(4)?
0
Let y(i) = i**3 + 6*i**2 + 4*i + 2. Suppose 6*k = 601 - 631. What is y(k)?
7
Let u = 5 - -22. Let s(x) = 23*x + u*x - 52*x + 9. Determine s(7).
-5
Let c(h) = -8*h - 5 + h - 6*h + 12*h - h**2. What is c(0)?
-5
Let b = -2050 + 2051. Let v(h) = h**3 - 2*h**2 - 3*h + 1. Let k be v(3). Let a(x) = 0 + x - k - 2*x. Determine a(b).
-2
Suppose 3*u = 5*u - 18. Let b be u/(27/6) + 2. Let k(a) = a**3 - 8*a**2 + 2*a**2 + a**2 + 5*a + 1. What is k(b)?
5
Let x = 21 + -24. Suppose -2*m = 3*m - 10. Let z be m + (x - -2)*1. Let t(u) = -u. Calculate t(z).
-1
Let c(x) be the first derivative of -x**2/2 + 4*x - 73. Determine c(6).
-2
Let q = -3 + 1. Let s(z) = 4*z**2 + 3*z - 2. Let w(i) = 11*i**2 + 9*i - 6. Let k(d) = -8*s(d) + 3*w(d). Determine k(q).
-4
Let c(p) = -3 - p**3 + 9 + p + 3. Suppose 0 = -22*i + 17*i - 110. Let h = i + 22. Determine c(h).
9
Let p(t) be the second derivative of t**4/12 - t**3/6 + 9*t**2/2 - 299*t. What is p(0)?
9
Suppose -3*v - 85 = -4*q, 0 = 3*q + 2*q - 5*v - 105. Let n = q - 10. Let j(f) = -f**2 + 12*f. Determine j(n).
0
Let k(l) = -l**3 + 5*l**2 - l + 3. Let v be k(4). Suppose -4*m + v = 3. Let i(n) = 6*n + 10 - 4*n + 8 - 34 - n**2 + 13. Calculate i(m).
-6
Let v(m) = m - 5. Suppose -3*k = -5*h + 3, -32 = 3*k + 2*h - 8. Give v(k).
-11
Let s(g) = -18*g + 3. Let u(r) = 49*r - 8. Let i(y) = -11*s(y) - 4*u(y). Determine i(3).
5
Let s(y) = -3*y**3 + 35*y**2 + 41. Let z(x) = 2*x**3 - 23*x**2 - 27. Let i(l) = -5*s(l) - 8*z(l). Suppose 7*u + 73 = 136. What is i(u)?
11
Let m = -4 - -7. Let o be m - (-8 + 4)*2/(-4). Let q(h) = -6*h**3 + h**2 - 1. Give q(o).
-6
Let h(y) be the first derivative of -2*y**3/3 - 3*y**2/2 - 6*y - 185. What is h(-5)?
-41
Let k be 3 + -6 + (6 + 6 - 5). Let f(j) be the second derivative of -j**2 - 1/20*j**5 + 2*j - 1/3*j**3 - 5/12*j**k + 0. Give f(-3).
-14
Let u(l) = -2*l - 14. Let n(r) = -r - 6. Let q(j) = 7*n(j) - 4*u(j). Determine q(4).
18
Let m(v) = 16*v - 13*v - 5 + 3*v - v**2. Let g(k) = -k**3 - 3*k**2 - k + 3. Let i be g(-3). Let o = -2 + i. Calculate m(o).
3
Let w(y) = -y**2 + 3*y - 4. Let d be (((-126)/12)/7)/((-1)/(-2)). Give w(d).
-22
Let d(u) = u**2 - u - 1. Let l be -1*(60/(-1))/4. Suppose -l = w - 4*w + 3*j, j = -w + 5. Give d(w).
19
Suppose n = -4*n - 15. Let g(l) = 20*l**2 + 34*l - 3. Let i(y) = -7*y**2 - 12*y + 1. Let z(d) = -6*g(d) - 17*i(d). What is z(n)?
-8
Let i(k) = -25*k**3 + k**2 - k. Suppose -13 = -15*b + 2. What is i(b)?
-25
Let w(s) = 3*s**2 - 3*s**2 + 4*s**2 - 6*s**2. Let y(r) = r**3 - 10*r**2 + 8*r + 10. Suppose 4*q + x = 34, -3*q + 8 = -q + 5*x. Let g be y(q). What is w(g)?
-2
Suppose 3*t + 14 = 35. Suppose 2 = 2*b + n, -t = 3*n + 5. Let x(i) = -4 + b + i + 3 + 1. What is x(-5)?
-2
Let v(y) = 5*y - 1. Let h(p) = -p. Let a(m) = 6*h(m) + v(m). Let g be (((-280)/15)/7)/(1/3). Let x(z) = -6*z - 8. Let u(t) = g*a(t) + x(t). Give u(-4).
-8
Let o(l) = -4*l + 5. Let p(i) = 5 + 4 - 5*i - i - 1. Let k(b) = 8*o(b) - 5*p(b). Suppose -2*v + 1 = -v. What is k(v)?
-2
Let w(s) be the first derivative of s**3/3 - 5*s**2/2 - 6*s + 12. Let b = 300 + -294. Give w(b).
0
Let d(k) = 14 + 2*k**2 - 2 - 2*k - 14 + 3*k. Determine d(2).
8
Let o(b) = 2*b + 11. Let z(l) = 4*l + 25. Let n(r) = 5*o(r) - 2*z(r). Let c be ((-5)/10)/((-1)/(-10)). What is n(c)?
-5
Let a(y) = -2*y + 3. Let g(i) = 11*i - 20*i - 8*i - 13 - i**2. Let x be g(-16). Determine a(x).
-3
Let l(t) = t - 8. Suppose 3*h = -2*f - 3, 0 = -6*f + f + 3*h + 3. Suppose f = -6*m - m + 49. Let k be l(m). Let g(j) = 5*j**3 - j**2 - j. What is g(k)?
-5
Let w be -1 + 2 + (-15 - -19). Let u(i) = i**3 - 6*i**2 + 7*i - 3. Give u(w).
7
Let v(k) = -k**3 + 5*k**2 - k + 5. Let w(n) = n**3 - 6*n**2 + 2*n - 6. Let l be w(6). What is v(l)?
-37
Let i(o) = -3*o**2 + 5*o - 1. Let u = 205 + -202. Give i(u).
-13
Let m(t) = -t**3 - t**2 + 2*t + 3. Let s(d) = d**2 - 1. Let h(k) = 6*k**2 + 13*k + 5. Let p(v) = h(v) - 5*s(v). Let c be p(-12). Determine m(c).
3
Let w(n) = -n**3 - n**2 - 2*n - 2. Let p be w(-2). Suppose p*x + 1 - 55 = 0. Suppose 11*f - x*f = 0. Let t(j) = -j**3 - j**2 + 6. Calculate t(f).
6
Let r(o) = 18*o + 8 + 0*o**3 - o**3 + 6*o**2 - 18*o + 14*o. Give r(8).
-8
Let t be 0/1*(2 + (0 - 3)). Suppose b - 7*b + 18 = t. Let m(q) = q**2 - 4*q + 2. Give m(b).
-1
Let h(i) = -24*i - 194. Let u be h(-8). Let q(m) = 5*m - 1. What is q(u)?
-11
Let w(s) = -3*s + 1. Let p = -17 + 22. Let b = -1 + p. Suppose -b*c + 2 = 10. What is w(c)?
7
Let w(d) = -d**3 + 6*d**2 - 4*d + 3. Suppose -18*o + 32*o = 56. Calculate w(o).
19
Let d(g) = 6*g**3 + 9*g**2 - 5*g. Let z(f) = -5*f**3 - 8*f**2 + 5*f - 1. Let h(n) = -4*d(n) - 5*z(n). Suppose -l - 3*j - 32 = -21, -2*j - 9 = l. Calculate h(l).
5
Suppose -w + 5*o - 4*o = -123, 4*o = -4*w + 484. Let z(i) = -13 + 3 - 115*i**2 - i**3 + w*i**2. Calculate z(7).
-10
Let n(u) = -2*u + 28 + 4 - 24. Calculate n(-6).
20
Let f(q) = 3*q - 9. Let g(t) = 8*t - 33. Let s(h) = 7*f(h) - 2*g(h). Calculate s(2).
13
Suppose 5*z - k = 48, 2*k + 2*k = -4*z + 24. Let s(a) = a**2 - 10*a - 3. What is s(z)?
-12
Suppose -4*x + 994 = 982. Let t(i) = -i**2 + 4*i - 3. What is t(x)?
0
Suppose 4*z + 0 = 5*m + 3, 0 = -5*z - 5*m + 15. Let g(s) = s**z + s + 2 + s**3 + 0*s**2 - 2*s. Calculate g(-2).
0
Let m(q) = 3*q**3 - 3 - 11*q**2 + 8*q - 2*q**3 + 4*q**2. Let v be (-14)/(-6 + (2 - -2)). Suppose 30 = -v*a + 12*a. Calculate m(a).
9
Let i(j) = 5*j**3 - 5*j**2 + 4*j + 1. Let z(m) = -m**3 + m**2 - m. Let l(c) = i(c) + 4*z(c). Let w be l(0). Let x(y) = 2*y**3 - 1 + w + 0. Give x(-1).
-2
Suppose 76*a + 505 = 1569. Let r(p) = -p**3 + 14*p**2 - 13. Give r(a).
-13
Let t = -855 - -855. Let y(h) = -h - 26. Give y(t).
-26
Let u(s) = s**3 - 10*s**2 + 7*s + 11. Let r = -232 - -241. Give u(r).
-7
Let b = -56 + 68. Suppose 7*n = 2*j + 3*n - b, -3*n = 0. Let g(f) be the third derivative of f**6/120 - 7*f**5/60 + f**4/12 + f**3 + f**2. What is g(j)?
-18
Let d = -51 - -41. Let h = -13 - d. Let t(b) = -6*b - 4. Give t(h).
14
Suppose 23*b - 22*b = -12. Let f(r) = r**3 + 12*r**2 + r + 12. What is f(b)?
0
Let g(s) = s**3 - 2*s**2 - 3*s - 3. Suppose -4*l - 4*z = -112, -z - 50 - 60 = -5*l. Let q = l - 20. What is g(q)?
-3
Suppose 4409*p - 14 = 4416*p. Let n(v) = 2 - 3 + 0*v - 1 + 5*v. Calculate n(p).
-12
Let j(p) = 4*p - 1 - p**3 + 3 - 3*p**2 + 0*p**2 - 2*p. Suppose -19 = 5*o - 4*f, -f + 6*f - 20 = 5*o. Calculate j(o).
-4
Let t(h) be the third derivative of h**6/120 - h**5/60 + 7*h**3/2 - 9*h**2. Let i(y) = 6*y - 192. Let s be i(32). Calculate t(s).
21
Let o = -65 + 31. Let w be o/(-12) + 3/18. Let t(m) = 2*m**2 + m**3 + 0*m**2 + 1 - w - 5*m**2. Calculate t(2).
-6
Let s(t) = -4*t**3 - 6*t**2 - t - 5. Let y(i) = 8*i**3 + 13*i**2 + 2*i + 11. Let a(l) = 9*s(l) + 4*y(l). Give a(-2).
25
Let k(y) = -y**2 + 6*y - 4. Let a be (52/(-39))/((-2)/6). Suppose -o + 3*r = 2, o - a*r - r = -2. Let w be -1*1 - (-9 - o). Calculate k(w).
-4
Let n be 8 + 3/(-1) + 5. Suppose -5*p - h = -0*h - 32, -5*h + n = 0. Suppose -2*b + p = -4. Let w(d) = -d**2 + 5*d + 6. What is w(b)?
6
Let j be 36/48*(-8)/(-3). Suppose 4*q - 22 = 2*i, -4*q - 3 = -3*i + 6*i. Let x(h) = -q + 6 + h - j. Give x(4).
5
Let m(b) = b**3 - 11*b**2 - 12*b + 16. Let x be m(12). Let h(p) = -2*p - 24*p**2 + 11*p**2 + x